er when 49 is divided by o.
10
Let v(h) = 36*h - 142. What is the remainder when 451 is divided by v(5)?
33
Let d(w) = -7*w + 3. Suppose 8*f + 4*p = 4*f + 440, -4*f + 448 = 2*p. Let u = f + -67. Calculate the remainder when u is divided by d(-3).
23
Let q(z) = -z**3 + 30*z**2 + 76*z + 31. Let d be q(32). Let m = d + -248. What is the remainder when m is divided by 28?
27
Suppose 4*w - 18 = 76*p - 78*p, 2*w + 3*p = 19. Suppose -4*n + 38 = 2*i, -19*i + 16*i = -w*n - 41. Calculate the remainder when 162 is divided by i.
12
Suppose 2*n + 5*s - 428 = 0, 64*n + 3*s = 69*n - 977. Calculate the remainder when n is divided by 148.
51
Let v = 72 + 2. Suppose -v - 889 = -9*c. Let u = c - 81. What is the remainder when u is divided by 14?
12
What is the remainder when -14*((-2)/(-8))/(4689/522 + -9) is divided by 13?
8
Let j = 263 - 249. Calculate the remainder when 29 is divided by (j - 27)*(1 + -2).
3
Suppose -102 = -2*h + 2*v, -288 = -5*h + 4*v - 27. What is the remainder when 95 is divided by h?
38
Let p = -31 + 48. Let l(z) = 2*z + 5. Let j(d) = 13*d - 11. Let a(s) = -j(s) + 6*l(s). What is the remainder when 43 is divided by a(p)?
19
Let m = 8 - -15. Suppose x + 17 = m. Suppose -l + 15 + 3 = -4*c, 3*l + 4*c = x. What is the remainder when 16 is divided by l?
4
Let r = 67 + -69. Let v be 5 + r + 2 + -2. Suppose -5*m = v*j - 55 - 47, -j + m = -34. Calculate the remainder when 66 is divided by j.
32
Let b(a) = a**2 + 3*a - 4. Let q(m) = 0 + 4*m + 6*m**2 - 7*m**2 - 17 + 8*m. Let t be q(10). What is the remainder when 40 is divided by b(t)?
12
Let j(i) = i + 1. Let b be j(-2). Let f be 3 + (-13 - 0)/b. Suppose -4*s - 5*u + 11 = -f, 4*u - 15 = -s. Calculate the remainder when 3 is divided by s.
0
Suppose 4*h = -u + 4, h - 2*h = -4*u + 16. Suppose 8*j - 56 = -h*j. Calculate the remainder when 14 is divided by j.
0
Suppose -8*g - 665 = -13*g. Suppose -6*y + 143 + g = 0. Suppose 4*u - 4*j = 44, -3*u - 5*j + 24 = -49. What is the remainder when y is divided by u?
14
Let x(r) = 279*r - 937. Calculate the remainder when 189 is divided by x(4).
10
Suppose 0 = 2*u - 161 + 41. Let z = -33 + u. Calculate the remainder when z is divided by 5.
2
Let t(a) = a + 9. Let n be t(-5). Suppose -3*s = 2*i - 58, -n*s + i + 28 = -31. Calculate the remainder when 269 is divided by s.
13
Let i = 649382 + -649356. Suppose 0 = -w + 204 + 470. What is the remainder when w is divided by i?
24
Suppose 52 = 5*p + 12. Suppose -60 - 60 = -p*u. What is the remainder when ((-1 - 2) + -40)/(-1) is divided by u?
13
Let y = -5335 + 5484. What is the remainder when y is divided by 139?
10
Suppose 2*s - 747 = -4*c - 3*s, 4*s = -3*c + 561. Suppose k - c = -2*i - 3*i, 4*k - 156 = -4*i. Calculate the remainder when 574 is divided by i.
34
Let v(i) = 7*i**3 - 4*i**2 + 4*i + 1. Let t = 2608 - 2365. Calculate the remainder when t is divided by v(2).
47
Suppose -2*c - 4*a + 6 = 2, 3*c = -3*a + 3. Let s(t) = -11 + 2*t + c*t + 7. Calculate the remainder when 21 is divided by s(6).
5
Let u = -411 + 719. Calculate the remainder when 12/(-2)*u/(-84) is divided by ((-2)/(-6))/(3/18).
0
Suppose 318 = 5*y - 7*n, -13*n + 8 = -15*n. Let r(s) = 2*s**2 - 2*s + 4. Calculate the remainder when y is divided by r(3).
10
Let y(q) = 3*q**3 + 54*q**2 - 5*q - 52. What is the remainder when 11322 is divided by y(-18)?
36
Let y(j) = -j. Let p(d) = 6*d + 7. Let a(c) = 11*c + 15. Let s(i) = 3*a(i) - 5*p(i). Let f be s(-6). Calculate the remainder when 29 is divided by y(f).
5
Let d(q) = q**2 + 16*q + 4. Suppose 61 = -4*c + t, t - 42 = 3*c - t. Calculate the remainder when ((-6)/96*-4)/(2/72) is divided by d(c).
1
Let u(y) = -119*y + 30. What is the remainder when 549 is divided by u(-1)?
102
Let s = 60 + 6. Let t = -58 + s. Suppose -t*k + 5*k + 84 = 0. What is the remainder when k is divided by 15?
13
Suppose -2*d + 14 = 2*c, -5*c + 2 = -3*c. What is the remainder when 1/(2/8) - -27 is divided by d?
1
Let g = 214 + -144. Suppose 12*r - g - 14 = 0. Let b = 71 - 51. What is the remainder when b is divided by r?
6
Let y = -2467 - -2967. What is the remainder when y is divided by 170?
160
Suppose -o - 4*o - 5*x - 385 = 0, -340 = 5*o - 4*x. What is the remainder when (-96)/o*45/4 is divided by 8?
7
Let y(f) = 3*f + 8. Let k be y(-2). Suppose v - 2*q - 12 = 0, 3*v + q - 93 = -k*v. What is the remainder when 124 is divided by v?
16
Let g(l) = -4*l + 12. Let a be g(-2). Calculate the remainder when 25/a + (-4338)/(-24) is divided by 4.
2
Calculate the remainder when 1815/(-20)*1404/(-81) is divided by 83.
79
Let y = 5283 - 5198. Calculate the remainder when 116 is divided by y.
31
Let m(x) = 58*x - 21. Let t(h) = 117*h - 44. Let r(c) = 9*m(c) - 4*t(c). Let y(i) = i**2 - 5*i - 2. Calculate the remainder when r(2) is divided by y(-5).
47
Suppose 2*b = 4*b - 2. Let q be (-21)/(-3) - (-5 - -21). Let k = b - q. What is the remainder when 38 is divided by k?
8
Suppose 0 = -103179*w + 103270*w - 4732. Suppose 4*p + 35 = 3*b, 2*p - 7*p - 3*b = 64. Let c = -2 - p. What is the remainder when w is divided by c?
7
Suppose 8*h - 4*h + 148 = 0. Let x = 23 - h. Let z = x + 9. Calculate the remainder when z is divided by 35.
34
Let h(d) = 0*d**2 + d - 11*d**3 + 0*d + 0*d**2. What is the remainder when -15*((-14)/(-3) - 7) is divided by h(-1)?
5
Suppose 51*f - 313 + 129 = 581. What is the remainder when 5232 is divided by f?
12
Let w = -12180 + 12354. Calculate the remainder when 692 is divided by w.
170
Suppose 0 = 28*u - 27*u + b - 5, 4*u - 5*b = 11. Calculate the remainder when u is divided by 2/(-3) + (-10)/(-6).
0
Suppose -3*w - 5*b = -b - 21, 21 = 2*w + 5*b. Let i(s) = -5*s + 11. Let q be i(w). Calculate the remainder when 31 is divided by q/(-2 - 64/(-36)).
13
Let j = -19655 - -19846. Calculate the remainder when j is divided by 68.
55
Let b = -13958 - -15079. Calculate the remainder when b is divided by 47.
40
Let g = 30 - 120. Let z(x) = 12*x - 193. Let r be z(3). Let c = g - r. What is the remainder when c is divided by 23?
21
Let f(v) = 395*v + 1. Let i be f(-1). Let l = i + 499. What is the remainder when l is divided by 36?
33
Let i = 10 - 2. Suppose -o = o - i. Suppose o*h - 124 - 132 = 0. Calculate the remainder when h is divided by 18.
10
Let m be (-369)/(-21) + 12/28. Let f be 1076/m - 70/(-315). What is the remainder when (-327)/2*f/(-90) is divided by 8?
5
Let o(s) = -8*s**3 + 100*s**2 - 74*s + 25. What is the remainder when o(8) is divided by 20?
17
Let q be 4 + (-31)/2 + (-11)/(-22). Calculate the remainder when 0 + 2/q + 270/33 is divided by 5.
3
Suppose -3*d - 10 = -8*d. Suppose -2*t = -5*l - 132, -5*t + 0*l + 272 = d*l. What is the remainder when t is divided by -20*((-36)/(-18) - (-55)/(-20))?
11
Suppose -3*w + 48 = -5*k - 0*k, 4*k = -2*w + 10. Let b = -42 + 40. What is the remainder when w is divided by (-15)/(-4) + -1*b/8?
3
Let s(c) = c**3 - 10*c**2 - 19*c - 4. Let x be s(11). Let f = x + 90. What is the remainder when 3710/60 + f/(-12) is divided by 9?
8
Suppose -2*a - 3*r + 178 = 0, 4*a = -60*r + 59*r + 336. Let y = a - -84. Calculate the remainder when y is divided by 39.
11
Suppose -6124 = 9*i - 14*i - 3*p, -120 = -15*p. What is the remainder when i is divided by 70?
30
Let k(g) = -g**3 - 27*g**2 + 31*g - 1704. Let b(l) = -l**2 - 10*l - 7. Calculate the remainder when k(-30) is divided by b(-6).
15
Let r(t) = t**3 + 11*t**2 - t - 5. Let g be r(-11). Suppose 64 = 3*d + 5*j, -g*d + j - 57 = -10*d. Calculate the remainder when 127 is divided by d.
10
Suppose 4635 + 1155 - 840 = 150*y. Calculate the remainder when 156 is divided by y.
24
Let l = 15 + -7. Suppose -40 = -l*n + 3*n. Suppose 98*o + 120 = 102*o. Calculate the remainder when o is divided by n.
6
What is the remainder when 3586 + -27 - (-1)/1*-5 - 4 is divided by 74?
72
Let j(l) = -128*l**2 - 757*l + 23. What is the remainder when j(-5) is divided by 607?
1
What is the remainder when 476 is divided by 36/99 - ((-290)/(-22))/(-5)?
2
Let b(x) = 35*x - 214. Let t be b(28). Suppose 7*q - 4*q = 4*y - t, -3*y + 2*q + 575 = 0. Calculate the remainder when y is divided by 15.
13
Let h(d) = -4*d**2 + 284*d + 7. What is the remainder when h(69) is divided by 11?
9
Let c be ((-8)/12 + 0)/(3/(-9)). Suppose 3*m + 15 = 0, 2*g = -c*m + 38 + 94. Calculate the remainder wh